{"id":314,"date":"2019-06-13T07:33:30","date_gmt":"2019-06-13T07:33:30","guid":{"rendered":"https:\/\/sattui.org\/?page_id=314"},"modified":"2019-06-19T07:14:06","modified_gmt":"2019-06-19T07:14:06","slug":"afiliat","status":"publish","type":"page","link":"https:\/\/sattui.org\/?page_id=314&lang=ca","title":{"rendered":"Af\u00edlia&#8217;t"},"content":{"rendered":"<p>Pots afiliar-te a SATTUi presentant el <a href=\"https:\/\/sattui.org\/wp-content\/uploads\/documentos\/Formulario.pdf\"><b>formulari d&#8217;afiliaci\u00f3<\/a><\/b>.<\/p>\n<p>Ens l&#8217;has de tornar signat, encara que tamb\u00e9 pots enviar-lo signat i escanejat per correu electr\u00f2nic.<\/p>\n<p>Si vols con\u00e9ixer les nostres quotes sindicals, pots consultarles <a href=\"https:\/\/sattui.org\/wp-content\/uploads\/documentos\/cuotas.pdf\"><b>ac\u00ed<\/b><\/a>.<\/p>\n<p>Recorda que sempre pots donar-te de baixa enviant un correu a rgpd@sattui.org, telefonant-nos o venint als nostres locals sindicals.<\/p>\n<p>Et demanem per favor, que si canvies de compte bancari, ens avises amb anticipaci\u00f3, at\u00e9s que els bancs ens cobren diners quan un rebut \u00e9s retornat i aquesta despesa l&#8217;assumeix el sindicat (a c\u00e0rrec de les quotes que paguem les persones afiliades).<\/p>\n<p>Gr\u00e0cies<\/p>\n<p>SATTUi<\/p>\n","protected":false},"excerpt":{"rendered":"<div class=\"mh-excerpt\"><p>Pots afiliar-te a SATTUi presentant el formulari d&#8217;afiliaci\u00f3. Ens l&#8217;has de tornar signat, encara que tamb\u00e9 pots enviar-lo signat i escanejat per correu electr\u00f2nic. Si <a class=\"mh-excerpt-more\" href=\"https:\/\/sattui.org\/?page_id=314&#038;lang=ca\" title=\"Af\u00edlia&#8217;t\">[&#8230;]<\/a><\/p>\n<\/div>","protected":false},"author":1,"featured_media":0,"parent":0,"menu_order":0,"comment_status":"closed","ping_status":"closed","template":"","meta":{"footnotes":""},"class_list":["post-314","page","type-page","status-publish","hentry"],"_links":{"self":[{"href":"https:\/\/sattui.org\/index.php?rest_route=\/wp\/v2\/pages\/314","targetHints":{"allow":["GET"]}}],"collection":[{"href":"https:\/\/sattui.org\/index.php?rest_route=\/wp\/v2\/pages"}],"about":[{"href":"https:\/\/sattui.org\/index.php?rest_route=\/wp\/v2\/types\/page"}],"author":[{"embeddable":true,"href":"https:\/\/sattui.org\/index.php?rest_route=\/wp\/v2\/users\/1"}],"replies":[{"embeddable":true,"href":"https:\/\/sattui.org\/index.php?rest_route=%2Fwp%2Fv2%2Fcomments&post=314"}],"version-history":[{"count":6,"href":"https:\/\/sattui.org\/index.php?rest_route=\/wp\/v2\/pages\/314\/revisions"}],"predecessor-version":[{"id":339,"href":"https:\/\/sattui.org\/index.php?rest_route=\/wp\/v2\/pages\/314\/revisions\/339"}],"wp:attachment":[{"href":"https:\/\/sattui.org\/index.php?rest_route=%2Fwp%2Fv2%2Fmedia&parent=314"}],"curies":[{"name":"wp","href":"https:\/\/api.w.org\/{rel}","templated":true}]}}