{"id":231,"date":"2018-09-28T18:30:09","date_gmt":"2018-09-28T18:30:09","guid":{"rendered":"https:\/\/sattui.org\/?page_id=231"},"modified":"2024-04-10T11:55:49","modified_gmt":"2024-04-10T11:55:49","slug":"inicio-2","status":"publish","type":"page","link":"https:\/\/sattui.org\/","title":{"rendered":"Inicio"},"content":{"rendered":"<p>Estimad@s compa\u00f1er@s,<\/p>\n<p style=\"text-align: justify;\">El 16 de mayo de 2018 se registr\u00f3 la solicitud de constituci\u00f3n de SATTUi en la Conseller\u00eda de Econom\u00eda Sostenible, Sectores Productivos, Comercio y Trabajo. El 20 de junio se produjo la resoluci\u00f3n de la Subdirecci\u00f3n General de relaciones laborales de la Direcci\u00f3n General de trabajo y bienestar laboral donde se anunciaba el dep\u00f3sito de los estatutos y el 14 de agosto se public\u00f3 en el Diario Oficial de la Generalitat Valenciana.<\/p>\n<p style=\"text-align: justify;\">SATTUi est\u00e1 por fin oficialmente constituido.<\/p>\n<p style=\"text-align: justify;\">SATTUi es un sindicato que deja de lado las etiquetas pol\u00edticas, ideol\u00f3gicas y religiosas para restringirlas al \u00e1mbito de lo privado y se centra exclusivamente en el \u00e1mbito laboral. Su objetivo es defender tus derechos laborales, mejorar las condiciones de trabajo existentes y apoyar a todos los trabajadores en momentos de dificultad, intentando ser lo m\u00e1s justos y ecu\u00e1nimes que sea posible.<\/p>\n<p style=\"text-align: justify;\">SATTUi nace de la uni\u00f3n de trabajadoras y trabajadores de la Universitat de Val\u00e8ncia &#8211; Estudis Generals y de la Universitat Polit\u00e8cnica de Val\u00e8ncia, tanto con experiencia sindical previa como sin ella, con la \u00fanica y sincera intenci\u00f3n de trabajar por y para el bien de todos, desde la honestidad y la transparencia, y desarrollar una alternativa sindical espec\u00edfica para el sector de la Ense\u00f1anza Superior y la Investigaci\u00f3n.<\/p>\n<p style=\"text-align: justify;\">El equipo de SATTUi.<\/p>\n","protected":false},"excerpt":{"rendered":"<div class=\"mh-excerpt\"><p>Estimad@s compa\u00f1er@s, El 16 de mayo de 2018 se registr\u00f3 la solicitud de constituci\u00f3n de SATTUi en la Conseller\u00eda de Econom\u00eda Sostenible, Sectores Productivos, Comercio <a class=\"mh-excerpt-more\" href=\"https:\/\/sattui.org\/\" title=\"Inicio\">[&#8230;]<\/a><\/p>\n<\/div>","protected":false},"author":1,"featured_media":0,"parent":0,"menu_order":0,"comment_status":"closed","ping_status":"closed","template":"","meta":{"footnotes":""},"class_list":["post-231","page","type-page","status-publish","hentry"],"_links":{"self":[{"href":"https:\/\/sattui.org\/index.php?rest_route=\/wp\/v2\/pages\/231","targetHints":{"allow":["GET"]}}],"collection":[{"href":"https:\/\/sattui.org\/index.php?rest_route=\/wp\/v2\/pages"}],"about":[{"href":"https:\/\/sattui.org\/index.php?rest_route=\/wp\/v2\/types\/page"}],"author":[{"embeddable":true,"href":"https:\/\/sattui.org\/index.php?rest_route=\/wp\/v2\/users\/1"}],"replies":[{"embeddable":true,"href":"https:\/\/sattui.org\/index.php?rest_route=%2Fwp%2Fv2%2Fcomments&post=231"}],"version-history":[{"count":11,"href":"https:\/\/sattui.org\/index.php?rest_route=\/wp\/v2\/pages\/231\/revisions"}],"predecessor-version":[{"id":387,"href":"https:\/\/sattui.org\/index.php?rest_route=\/wp\/v2\/pages\/231\/revisions\/387"}],"wp:attachment":[{"href":"https:\/\/sattui.org\/index.php?rest_route=%2Fwp%2Fv2%2Fmedia&parent=231"}],"curies":[{"name":"wp","href":"https:\/\/api.w.org\/{rel}","templated":true}]}}

<p>Estimad@s compañer@s,</p>
<p style="text-align: justify;">El 16 de mayo de 2018 se registró la solicitud de constitución de SATTUi en la Consellería de Economía Sostenible, Sectores Productivos, Comercio y Trabajo. El 20 de junio se produjo la resolución de la Subdirección General de relaciones laborales de la Dirección General de trabajo y bienestar laboral donde se anunciaba el depósito de los estatutos y el 14 de agosto se publicó en el Diario Oficial de la Generalitat Valenciana.</p>
<p style="text-align: justify;">SATTUi está por fin oficialmente constituido.</p>
<p style="text-align: justify;">SATTUi es un sindicato que deja de lado las etiquetas políticas, ideológicas y religiosas para restringirlas al ámbito de lo privado y se centra exclusivamente en el ámbito laboral. Su objetivo es defender tus derechos laborales, mejorar las condiciones de trabajo existentes y apoyar a todos los trabajadores en momentos de dificultad, intentando ser lo más justos y ecuánimes que sea posible.</p>
<p style="text-align: justify;">SATTUi nace de la unión de trabajadoras y trabajadores de la Universitat de València &#8211; Estudis Generals y de la Universitat Politècnica de València, tanto con experiencia sindical previa como sin ella, con la única y sincera intención de trabajar por y para el bien de todos, desde la honestidad y la transparencia, y desarrollar una alternativa sindical específica para el sector de la Enseñanza Superior y la Investigación.</p>
<p style="text-align: justify;">El equipo de SATTUi.</p>

<div class="mh-excerpt"><p>Estimad@s compañer@s, El 16 de mayo de 2018 se registró la solicitud de constitución de SATTUi en la Consellería de Economía Sostenible, Sectores Productivos, Comercio <a class="mh-excerpt-more" href="https://sattui.org/" title="Inicio">[&#8230;]</a></p>
</div>
