{"id":194,"date":"2018-09-26T15:45:50","date_gmt":"2018-09-26T15:45:50","guid":{"rendered":"https:\/\/sattui.org\/?page_id=194"},"modified":"2024-11-29T09:06:28","modified_gmt":"2024-11-29T09:06:28","slug":"qui-som","status":"publish","type":"page","link":"https:\/\/sattui.org\/?page_id=194&lang=ca","title":{"rendered":"Qui som nosaltres"},"content":{"rendered":"<p style=\"text-align: justify;\">SATTUi ha obtingut representaci\u00f3 sindical en la Universitat de Val\u00e8ncia (UVEG) i en la Universitat Polit\u00e8cnica (UPV), tant en les eleccions sindicals de 2018 com en les de 2022.<\/p>\n<p style=\"text-align: justify;\">Despr\u00e9s de les \u00faltimes eleccions (desembre de 2022), el nostre sindicat ha millorat i t\u00e9 la seg\u00fcent representaci\u00f3 en la UVEG: en el Comit\u00e9 d&#8217;Empresa, Ana Marcet; en la Junta de PAS, Asun Mart\u00ednez, Mati Sancho i Antonio Vall\u00e9s; i en la Junta de PDI, Maria M. Morales Su\u00e1rez-Varela i Marco A. Coronel Ramos. En el cas de la UPV, en la Junta del PAS tenim a Guillermo Garc\u00eda i Marga Villar.<\/p>\n","protected":false},"excerpt":{"rendered":"<div class=\"mh-excerpt\"><p>SATTUi ha obtingut representaci\u00f3 sindical en la Universitat de Val\u00e8ncia (UVEG) i en la Universitat Polit\u00e8cnica (UPV), tant en les eleccions sindicals de 2018 com <a class=\"mh-excerpt-more\" href=\"https:\/\/sattui.org\/?page_id=194&#038;lang=ca\" title=\"Qui som nosaltres\">[&#8230;]<\/a><\/p>\n<\/div>","protected":false},"author":1,"featured_media":0,"parent":0,"menu_order":0,"comment_status":"closed","ping_status":"closed","template":"","meta":{"footnotes":""},"class_list":["post-194","page","type-page","status-publish","hentry"],"_links":{"self":[{"href":"https:\/\/sattui.org\/index.php?rest_route=\/wp\/v2\/pages\/194","targetHints":{"allow":["GET"]}}],"collection":[{"href":"https:\/\/sattui.org\/index.php?rest_route=\/wp\/v2\/pages"}],"about":[{"href":"https:\/\/sattui.org\/index.php?rest_route=\/wp\/v2\/types\/page"}],"author":[{"embeddable":true,"href":"https:\/\/sattui.org\/index.php?rest_route=\/wp\/v2\/users\/1"}],"replies":[{"embeddable":true,"href":"https:\/\/sattui.org\/index.php?rest_route=%2Fwp%2Fv2%2Fcomments&post=194"}],"version-history":[{"count":10,"href":"https:\/\/sattui.org\/index.php?rest_route=\/wp\/v2\/pages\/194\/revisions"}],"predecessor-version":[{"id":398,"href":"https:\/\/sattui.org\/index.php?rest_route=\/wp\/v2\/pages\/194\/revisions\/398"}],"wp:attachment":[{"href":"https:\/\/sattui.org\/index.php?rest_route=%2Fwp%2Fv2%2Fmedia&parent=194"}],"curies":[{"name":"wp","href":"https:\/\/api.w.org\/{rel}","templated":true}]}}

<p style="text-align: justify;">SATTUi ha obtingut representació sindical en la Universitat de València (UVEG) i en la Universitat Politècnica (UPV), tant en les eleccions sindicals de 2018 com en les de 2022.</p>
<p style="text-align: justify;">Després de les últimes eleccions (desembre de 2022), el nostre sindicat ha millorat i té la següent representació en la UVEG: en el Comité d&#8217;Empresa, Ana Marcet; en la Junta de PAS, Asun Martínez, Mati Sancho i Antonio Vallés; i en la Junta de PDI, Maria M. Morales Suárez-Varela i Marco A. Coronel Ramos. En el cas de la UPV, en la Junta del PAS tenim a Guillermo García i Marga Villar.</p>

<div class="mh-excerpt"><p>SATTUi ha obtingut representació sindical en la Universitat de València (UVEG) i en la Universitat Politècnica (UPV), tant en les eleccions sindicals de 2018 com <a class="mh-excerpt-more" href="https://sattui.org/?page_id=194&#038;lang=ca" title="Qui som nosaltres">[&#8230;]</a></p>
</div>
