{"id":187,"date":"2018-09-26T15:26:43","date_gmt":"2018-09-26T15:26:43","guid":{"rendered":"https:\/\/sattui.org\/?page_id=187"},"modified":"2024-04-10T11:49:33","modified_gmt":"2024-04-10T11:49:33","slug":"187-2","status":"publish","type":"page","link":"https:\/\/sattui.org\/?page_id=187&lang=ca","title":{"rendered":"Inici"},"content":{"rendered":"<p>Estimats companys,<\/p>\n<p style=\"text-align: justify;\">El 16 de maig de 2018 es va registrar la sol\u00b7licitud de constituci\u00f3 de SATTUi en la Conselleria d&#8217;Economia Sostenible, Sectors Productius, Comer\u00e7 i Treball. El 20 de juny es va produir la resoluci\u00f3 de la Subdirecci\u00f3 General de relacions laborals de la Direcci\u00f3 General de treball i benestar laboral on s&#8217;anunciava el dep\u00f2sit dels estatuts i el 14 d&#8217;agost es va publicar en el Diari Oficial de la Generalitat Valenciana.<\/p>\n<p style=\"text-align: justify;\">SATTUi est\u00e0 per fi oficialment constitu\u00eft.<\/p>\n<p style=\"text-align: justify;\">SATTUi \u00e9s un sindicat que deixa de costat les etiquetes pol\u00edtiques, ideol\u00f2giques i religioses per a restringir-les a l&#8217;\u00e0mbit del privat i se centra exclusivament en l&#8217;\u00e0mbit laboral. El seu objectiu \u00e9s defensar els teus drets laborals, millorar les condicions de treball existents i donar suport a tots els treballadors en moments de dificultat, intentant ser el m\u00e9s justos i equ\u00e0nimes que siga possible.<\/p>\n<p style=\"text-align: justify;\">SATTUi naix de la uni\u00f3 de treballadores i treballadors de la Universitat de Val\u00e8ncia &#8211; Estudis Generals i de la Universitat Polit\u00e8cnica de Val\u00e8ncia, tant amb experi\u00e8ncia sindical pr\u00e8via com sense ella, amb l\u2019\u00fanica i sincera intenci\u00f3 de treballar per i per al b\u00e9 de tots, des de l\u2019honestedat i la transpar\u00e8ncia, i desenvolupar una alternativa sindical especifica per al sector de l&#8217;Ensenyament Superior i la Investigaci\u00f3.<\/p>\n<p style=\"text-align: justify;\">L&#8217;equip de SATTUi.<\/p>\n","protected":false},"excerpt":{"rendered":"<div class=\"mh-excerpt\"><p>Estimats companys, El 16 de maig de 2018 es va registrar la sol\u00b7licitud de constituci\u00f3 de SATTUi en la Conselleria d&#8217;Economia Sostenible, Sectors Productius, Comer\u00e7 <a class=\"mh-excerpt-more\" href=\"https:\/\/sattui.org\/?page_id=187&#038;lang=ca\" title=\"Inici\">[&#8230;]<\/a><\/p>\n<\/div>","protected":false},"author":1,"featured_media":0,"parent":0,"menu_order":0,"comment_status":"closed","ping_status":"closed","template":"","meta":{"footnotes":""},"class_list":["post-187","page","type-page","status-publish","hentry"],"_links":{"self":[{"href":"https:\/\/sattui.org\/index.php?rest_route=\/wp\/v2\/pages\/187","targetHints":{"allow":["GET"]}}],"collection":[{"href":"https:\/\/sattui.org\/index.php?rest_route=\/wp\/v2\/pages"}],"about":[{"href":"https:\/\/sattui.org\/index.php?rest_route=\/wp\/v2\/types\/page"}],"author":[{"embeddable":true,"href":"https:\/\/sattui.org\/index.php?rest_route=\/wp\/v2\/users\/1"}],"replies":[{"embeddable":true,"href":"https:\/\/sattui.org\/index.php?rest_route=%2Fwp%2Fv2%2Fcomments&post=187"}],"version-history":[{"count":4,"href":"https:\/\/sattui.org\/index.php?rest_route=\/wp\/v2\/pages\/187\/revisions"}],"predecessor-version":[{"id":381,"href":"https:\/\/sattui.org\/index.php?rest_route=\/wp\/v2\/pages\/187\/revisions\/381"}],"wp:attachment":[{"href":"https:\/\/sattui.org\/index.php?rest_route=%2Fwp%2Fv2%2Fmedia&parent=187"}],"curies":[{"name":"wp","href":"https:\/\/api.w.org\/{rel}","templated":true}]}}

<p>Estimats companys,</p>
<p style="text-align: justify;">El 16 de maig de 2018 es va registrar la sol·licitud de constitució de SATTUi en la Conselleria d&#8217;Economia Sostenible, Sectors Productius, Comerç i Treball. El 20 de juny es va produir la resolució de la Subdirecció General de relacions laborals de la Direcció General de treball i benestar laboral on s&#8217;anunciava el depòsit dels estatuts i el 14 d&#8217;agost es va publicar en el Diari Oficial de la Generalitat Valenciana.</p>
<p style="text-align: justify;">SATTUi està per fi oficialment constituït.</p>
<p style="text-align: justify;">SATTUi és un sindicat que deixa de costat les etiquetes polítiques, ideològiques i religioses per a restringir-les a l&#8217;àmbit del privat i se centra exclusivament en l&#8217;àmbit laboral. El seu objectiu és defensar els teus drets laborals, millorar les condicions de treball existents i donar suport a tots els treballadors en moments de dificultat, intentant ser el més justos i equànimes que siga possible.</p>
<p style="text-align: justify;">SATTUi naix de la unió de treballadores i treballadors de la Universitat de València &#8211; Estudis Generals i de la Universitat Politècnica de València, tant amb experiència sindical prèvia com sense ella, amb l’única i sincera intenció de treballar per i per al bé de tots, des de l’honestedat i la transparència, i desenvolupar una alternativa sindical especifica per al sector de l&#8217;Ensenyament Superior i la Investigació.</p>
<p style="text-align: justify;">L&#8217;equip de SATTUi.</p>

<div class="mh-excerpt"><p>Estimats companys, El 16 de maig de 2018 es va registrar la sol·licitud de constitució de SATTUi en la Conselleria d&#8217;Economia Sostenible, Sectors Productius, Comerç <a class="mh-excerpt-more" href="https://sattui.org/?page_id=187&#038;lang=ca" title="Inici">[&#8230;]</a></p>
</div>
